{"id":800,"date":"2024-07-11T13:29:20","date_gmt":"2024-07-11T17:29:20","guid":{"rendered":"https:\/\/new.poly-robotics.com\/?page_id=800"},"modified":"2025-01-14T10:11:37","modified_gmt":"2025-01-14T15:11:37","slug":"projet","status":"publish","type":"page","link":"https:\/\/poly-robotics.com\/index.php\/projet\/","title":{"rendered":"Deroulement Projet"},"content":{"rendered":"\n<div id=\"wp-block-themeisle-blocks-advanced-columns-17417fc2\" class=\"wp-block-themeisle-blocks-advanced-columns alignfull has-1-columns has-desktop-equal-layout has-tablet-equal-layout has-mobile-equal-layout has-vertical-unset\"><div class=\"wp-block-themeisle-blocks-advanced-columns-overlay\"><\/div><div class=\"innerblocks-wrap\">\n<div id=\"wp-block-themeisle-blocks-advanced-column-14a56319\" class=\"wp-block-themeisle-blocks-advanced-column\">\n<h1 id=\"wp-block-themeisle-blocks-advanced-heading-7219cdff\" class=\"wp-block-themeisle-blocks-advanced-heading wp-block-themeisle-blocks-advanced-heading-7219cdff\">D\u00e9roulement d&rsquo;un projet<\/h1>\n\n\n\n<div style=\"height:66px\" aria-hidden=\"true\" class=\"wp-block-spacer\"><\/div>\n\n\n\n<p class=\"has-text-align-center has-white-color has-text-color\" style=\"font-size:23px\">Chez Poly-Robotics, la majorit\u00e9 des \u00e9tapes se font dans nos locaux. De la conception, \u00e0 la fabrication et \u00e0 la programmation, nous tenons vraiment \u00e0 vous remettre une cellule cl\u00e9 en main lors de la livraison. <\/p>\n<\/div>\n<\/div><\/div>\n\n\n\n<div style=\"height:50px\" aria-hidden=\"true\" class=\"wp-block-spacer\"><\/div>\n\n\n\n<h2 class=\"wp-block-heading has-text-align-center\">\u00e9tapes d&rsquo;un projet<\/h2>\n\n\n\n<div id=\"wp-block-themeisle-blocks-advanced-columns-c5aa1b04\" class=\"wp-block-themeisle-blocks-advanced-columns has-3-columns has-desktop-equal-layout has-tablet-equal-layout has-mobile-collapsedRows-layout has-vertical-center ticss-55a3c79e\"><div class=\"wp-block-themeisle-blocks-advanced-columns-overlay\"><\/div><div class=\"innerblocks-wrap\">\n<div id=\"wp-block-themeisle-blocks-advanced-column-4359538b\" class=\"wp-block-themeisle-blocks-advanced-column has-dark-bg\">\n<div id=\"wp-block-themeisle-blocks-font-awesome-icons-8230ef41\" class=\"wp-block-themeisle-blocks-font-awesome-icons\"><span class=\"wp-block-themeisle-blocks-font-awesome-icons-container\"><i class=\"fas fa-exchange-alt\"><\/i><\/span><\/div>\n\n\n\n<h3 id=\"wp-block-themeisle-blocks-advanced-heading-8bb30f24\" class=\"wp-block-themeisle-blocks-advanced-heading wp-block-themeisle-blocks-advanced-heading-8bb30f24\">1.Les PROPOSITIONS <\/h3>\n\n\n\n<p class=\"has-text-align-center has-white-color has-text-color\">De la proposition A \u00e0 la proposition G, ensemble, nous d\u00e9terminerons exactement quel type de cellule robotique est n\u00e9cessaire pour accomplir la t\u00e2che.<\/p>\n\n\n\n<div style=\"height:22px\" aria-hidden=\"true\" class=\"wp-block-spacer\"><\/div>\n<\/div>\n\n\n\n<div id=\"wp-block-themeisle-blocks-advanced-column-2a9965a3\" class=\"wp-block-themeisle-blocks-advanced-column has-dark-bg\">\n<div id=\"wp-block-themeisle-blocks-font-awesome-icons-4c280ecc\" class=\"wp-block-themeisle-blocks-font-awesome-icons\"><span class=\"wp-block-themeisle-blocks-font-awesome-icons-container\"><i class=\"fas fa-file-signature\"><\/i><\/span><\/div>\n\n\n\n<h3 id=\"wp-block-themeisle-blocks-advanced-heading-4981c0d7\" class=\"wp-block-themeisle-blocks-advanced-heading wp-block-themeisle-blocks-advanced-heading-4981c0d7\">2.signature du contrat<\/h3>\n\n\n\n<p class=\"has-text-align-center has-white-color has-text-color\">Une fois le concept choisi et que la soumission vous convient, nous signons un contrat acceptant les conditions de paiement, la date de livraison, les exigences de qualit\u00e9, etc.<\/p>\n<\/div>\n\n\n\n<div id=\"wp-block-themeisle-blocks-advanced-column-a904a57c\" class=\"wp-block-themeisle-blocks-advanced-column has-dark-bg\">\n<div id=\"wp-block-themeisle-blocks-font-awesome-icons-c682c26f\" class=\"wp-block-themeisle-blocks-font-awesome-icons\"><span class=\"wp-block-themeisle-blocks-font-awesome-icons-container\"><i class=\"fas fa-toolbox\"><\/i><\/span><\/div>\n\n\n\n<h3 id=\"wp-block-themeisle-blocks-advanced-heading-ca9a30e7\" class=\"wp-block-themeisle-blocks-advanced-heading wp-block-themeisle-blocks-advanced-heading-ca9a30e7\">3.construction de la cellule<\/h3>\n\n\n\n<p class=\"has-text-align-center has-white-color has-text-color\">De la conception finale \u00e0 l&rsquo;assemblage, en passant par la programmation, toute l&rsquo;\u00e9quipe Poly-Robotics se met en mouvement.<\/p>\n\n\n\n<div style=\"height:25px\" aria-hidden=\"true\" class=\"wp-block-spacer\"><\/div>\n<\/div>\n<\/div><\/div>\n\n\n\n<div id=\"wp-block-themeisle-blocks-advanced-columns-2e99eb0b\" class=\"wp-block-themeisle-blocks-advanced-columns has-3-columns has-desktop-equal-layout has-tablet-equal-layout has-mobile-collapsedRows-layout has-vertical-center ticss-55a3c79e\"><div class=\"wp-block-themeisle-blocks-advanced-columns-overlay\"><\/div><div class=\"innerblocks-wrap\">\n<div id=\"wp-block-themeisle-blocks-advanced-column-eadf8271\" class=\"wp-block-themeisle-blocks-advanced-column has-dark-bg\">\n<div id=\"wp-block-themeisle-blocks-font-awesome-icons-33c92aad\" class=\"wp-block-themeisle-blocks-font-awesome-icons\"><span class=\"wp-block-themeisle-blocks-font-awesome-icons-container\"><i class=\"fas fa-battery-three-quarters\"><\/i><\/span><\/div>\n\n\n\n<h3 id=\"wp-block-themeisle-blocks-advanced-heading-765034f6\" class=\"wp-block-themeisle-blocks-advanced-heading wp-block-themeisle-blocks-advanced-heading-765034f6\">4.Tests de production<\/h3>\n\n\n\n<p class=\"has-text-align-center has-white-color has-text-color\">Une fois la cellule op\u00e9rationnelle, nous vous inviterons \u00e0 venir dans nos bureaux et nous aider \u00e0 valider la qualit\u00e9 et le r\u00e9sultat des pi\u00e8ces.<\/p>\n<\/div>\n\n\n\n<div id=\"wp-block-themeisle-blocks-advanced-column-7791313c\" class=\"wp-block-themeisle-blocks-advanced-column has-dark-bg\">\n<div id=\"wp-block-themeisle-blocks-font-awesome-icons-0408dbad\" class=\"wp-block-themeisle-blocks-font-awesome-icons\"><span class=\"wp-block-themeisle-blocks-font-awesome-icons-container\"><i class=\"fas fa-arrow-circle-down\"><\/i><\/span><\/div>\n\n\n\n<h3 id=\"wp-block-themeisle-blocks-advanced-heading-c1bac772\" class=\"wp-block-themeisle-blocks-advanced-heading wp-block-themeisle-blocks-advanced-heading-c1bac772\">5.installation <\/h3>\n\n\n\n<p class=\"has-text-align-center has-white-color has-text-color\">C&rsquo;est le jour du d\u00e9m\u00e9nagement! Nous d\u00e9montons la cellule, l&rsquo;exp\u00e9dions \u00e0 votre usine et la suivons pour effectuer l&rsquo;installation sur place.<\/p>\n\n\n\n<div style=\"height:8px\" aria-hidden=\"true\" class=\"wp-block-spacer\"><\/div>\n<\/div>\n\n\n\n<div id=\"wp-block-themeisle-blocks-advanced-column-2388063c\" class=\"wp-block-themeisle-blocks-advanced-column has-dark-bg\">\n<div id=\"wp-block-themeisle-blocks-font-awesome-icons-af252007\" class=\"wp-block-themeisle-blocks-font-awesome-icons\"><span class=\"wp-block-themeisle-blocks-font-awesome-icons-container\"><i class=\"fas fa-cubes\"><\/i><\/span><\/div>\n\n\n\n<h3 id=\"wp-block-themeisle-blocks-advanced-heading-361d0b95\" class=\"wp-block-themeisle-blocks-advanced-heading wp-block-themeisle-blocks-advanced-heading-361d0b95\">6.Premi\u00e8re production<\/h3>\n\n\n\n<p class=\"has-text-align-center has-white-color has-text-color\">Nous resterons \u00e0 votre usine jusqu&rsquo;\u00e0 ce que la cellule r\u00e9alise une production qui r\u00e9pond ou d\u00e9passe vos exigences de qualit\u00e9.<\/p>\n<\/div>\n<\/div><\/div>\n\n\n\n<div id=\"wp-block-themeisle-blocks-advanced-columns-8b407f5e\" class=\"wp-block-themeisle-blocks-advanced-columns has-1-columns has-desktop-equal-layout has-tablet-equal-layout has-mobile-collapsedRows-layout has-vertical-center ticss-55a3c79e\"><div class=\"wp-block-themeisle-blocks-advanced-columns-overlay\"><\/div><div class=\"innerblocks-wrap\">\n<div id=\"wp-block-themeisle-blocks-advanced-column-ed073ee1\" class=\"wp-block-themeisle-blocks-advanced-column has-dark-bg\">\n<div id=\"wp-block-themeisle-blocks-font-awesome-icons-6b1d449e\" class=\"wp-block-themeisle-blocks-font-awesome-icons\"><span class=\"wp-block-themeisle-blocks-font-awesome-icons-container\"><i class=\"fas fa-comments\"><\/i><\/span><\/div>\n\n\n\n<h3 id=\"wp-block-themeisle-blocks-advanced-heading-48cbd4d8\" class=\"wp-block-themeisle-blocks-advanced-heading wp-block-themeisle-blocks-advanced-heading-48cbd4d8\">7.Nous restons disponibles<\/h3>\n\n\n\n<p class=\"has-text-align-center has-white-color has-text-color\">Nous avons votre satisfaction \u00e0 coeur, nous restons disponibles apr\u00e8s la livraison pour r\u00e9pondre \u00e0 vos besoins de support technique ou toutes autres questions.<\/p>\n<\/div>\n<\/div><\/div>\n\n\n\n<div id=\"wp-block-themeisle-blocks-advanced-columns-bd78b2d2\" class=\"wp-block-themeisle-blocks-advanced-columns alignfull has-2-columns has-desktop-equal-layout has-tablet-equal-layout has-mobile-collapsedRows-layout has-vertical-unset ticss-ce69d1c2 has-dark-bg\"><div class=\"wp-block-themeisle-blocks-advanced-columns-overlay\"><\/div><div class=\"innerblocks-wrap\">\n<div id=\"wp-block-themeisle-blocks-advanced-column-e315fc07\" class=\"wp-block-themeisle-blocks-advanced-column\">\n<h6 id=\"wp-block-themeisle-blocks-advanced-heading-cb387a5e\" class=\"wp-block-themeisle-blocks-advanced-heading wp-block-themeisle-blocks-advanced-heading-cb387a5e\">Contactez-nous<\/h6>\n\n\n\n<h3 id=\"wp-block-themeisle-blocks-advanced-heading-f44bcbdc\" class=\"wp-block-themeisle-blocks-advanced-heading wp-block-themeisle-blocks-advanced-heading-f44bcbdc\">questions, informations ou pr\u00e9cisions, \u00e9crivez-nous<\/h3>\n\n\n\n<h4 id=\"wp-block-themeisle-blocks-advanced-heading-6eb36fea\" class=\"wp-block-themeisle-blocks-advanced-heading wp-block-themeisle-blocks-advanced-heading-6eb36fea\">n&rsquo;h\u00e9sitez pas \u00e0 entrer en contact, il nous fera plaisir de vous r\u00e9pondre<\/h4>\n\n\n\n<div style=\"height:10px\" aria-hidden=\"true\" class=\"wp-block-spacer\"><\/div>\n\n\n\n<div class=\"wp-block-group\"><div class=\"wp-block-group__inner-container is-layout-constrained wp-block-group-is-layout-constrained\">\n<p><strong>T\u00e9l\u00e9phone : 418-658-7659<\/strong><\/p>\n<\/div><\/div>\n\n\n\n<p><strong>T\u00e9l\u00e9phone sans frais : 1-844-558-7659<\/strong><\/p>\n\n\n\n<p><strong>Heures d&rsquo;ouverture :<\/strong> Lundi au vendredi 9h \u00e0 17h<\/p>\n\n\n\n<p><strong>Adresse :<\/strong> 2889 Avenue Kepler, Qu\u00e9bec<\/p>\n<\/div>\n\n\n\n<div id=\"wp-block-themeisle-blocks-advanced-column-82cd60cb\" class=\"wp-block-themeisle-blocks-advanced-column\">\n<div id=\"wp-block-themeisle-blocks-form-744b41f1\" class=\"wp-block-themeisle-blocks-form\" data-option-name=\"bf9b28ff82ce323187abc5d0feb0d8f07ecd8436_744b41f1\"><form class=\"otter-form__container\">\n<div id=\"wp-block-themeisle-blocks-form-input-eae159d0\" class=\"wp-block-themeisle-blocks-form-input\"><label for=\"wp-block-themeisle-blocks-form-input-eae159d0-input\" class=\"otter-form-input-label\"><span class=\"otter-form-input-label__label\"><strong>Nom<\/strong><\/span><span class=\"required\">*<\/span><\/label><input type=\"text\" id=\"wp-block-themeisle-blocks-form-input-eae159d0-input\" required class=\"otter-form-input\"\/><\/div>\n\n\n\n<div id=\"wp-block-themeisle-blocks-form-input-ae069df5\" class=\"wp-block-themeisle-blocks-form-input\"><label for=\"wp-block-themeisle-blocks-form-input-ae069df5-input\" class=\"otter-form-input-label\"><span class=\"otter-form-input-label__label\"><strong>Email<\/strong><\/span><span class=\"required\">*<\/span><\/label><input type=\"email\" id=\"wp-block-themeisle-blocks-form-input-ae069df5-input\" required class=\"otter-form-input\"\/><\/div>\n\n\n<div class=\"protection\" aria-hidden=\"true\"><input type=\"hidden\" id=\"wp-block-themeisle-blocks-form-744b41f1_nonce_field\" name=\"wp-block-themeisle-blocks-form-744b41f1_nonce_field\" value=\"c933308b5f\" \/><input type=\"hidden\" name=\"_wp_http_referer\" value=\"\/index.php\/wp-json\/wp\/v2\/pages\/800\" \/><input class=\"o-anti-bot\" type=\"checkbox\"><\/div>\n\n\n<div id=\"wp-block-themeisle-blocks-form-textarea-52101201\" class=\"wp-block-themeisle-blocks-form-textarea\"><label for=\"wp-block-themeisle-blocks-form-textarea-52101201-input\" class=\"otter-form-textarea-label\"><span class=\"otter-form-textarea-label__label\"><strong>Message<\/strong><\/span><span class=\"required\">*<\/span><\/label><textarea id=\"wp-block-themeisle-blocks-form-textarea-52101201-input\" required rows=\"10\" class=\"otter-form-textarea-input\"><\/textarea><\/div>\n\n\n\n<p class=\"has-extra-small-font-size\"><sup>En soumettant ce formulaire, vous acceptez que vos coordonn\u00e9es soient stock\u00e9es chez nous.<\/sup><\/p>\n<div class=\"wp-block-button\"><button class=\"wp-block-button__link\" type=\"submit\">Envoyer<\/button><\/div><\/form><\/div>\n<\/div>\n<\/div><\/div>\n","protected":false},"excerpt":{"rendered":"<p>\u00e9tapes d&rsquo;un projet<\/p>\n","protected":false},"author":1,"featured_media":0,"parent":0,"menu_order":0,"comment_status":"closed","ping_status":"closed","template":"","meta":{"neve_meta_sidebar":"","neve_meta_container":"","neve_meta_enable_content_width":"","neve_meta_content_width":0,"neve_meta_title_alignment":"left","neve_meta_author_avatar":"","neve_post_elements_order":"","neve_meta_disable_header":"","neve_meta_disable_footer":"","neve_meta_disable_title":"on","_themeisle_gutenberg_block_has_review":false,"footnotes":""},"class_list":["post-800","page","type-page","status-publish","hentry"],"featured_image_src":null,"yoast_head":"<!-- This site is optimized with the Yoast SEO plugin v26.6 - https:\/\/yoast.com\/wordpress\/plugins\/seo\/ -->\n<title>Deroulement Projet - Poly-Robotics<\/title>\n<meta name=\"robots\" content=\"index, follow, max-snippet:-1, max-image-preview:large, max-video-preview:-1\" \/>\n<link rel=\"canonical\" href=\"https:\/\/poly-robotics.com\/index.php\/projet\/\" \/>\n<meta property=\"og:locale\" content=\"fr_CA\" \/>\n<meta property=\"og:type\" content=\"article\" \/>\n<meta property=\"og:title\" content=\"Deroulement Projet - Poly-Robotics\" \/>\n<meta property=\"og:description\" content=\"\u00e9tapes d&rsquo;un projet\" \/>\n<meta property=\"og:url\" content=\"https:\/\/poly-robotics.com\/index.php\/projet\/\" \/>\n<meta property=\"og:site_name\" content=\"Poly-Robotics\" \/>\n<meta property=\"article:modified_time\" content=\"2025-01-14T15:11:37+00:00\" \/>\n<meta name=\"twitter:card\" content=\"summary_large_image\" \/>\n<meta name=\"twitter:label1\" content=\"Estimation du temps de lecture\" \/>\n\t<meta name=\"twitter:data1\" content=\"2 minutes\" \/>\n<script type=\"application\/ld+json\" class=\"yoast-schema-graph\">{\"@context\":\"https:\/\/schema.org\",\"@graph\":[{\"@type\":\"WebPage\",\"@id\":\"https:\/\/poly-robotics.com\/index.php\/projet\/\",\"url\":\"https:\/\/poly-robotics.com\/index.php\/projet\/\",\"name\":\"Deroulement Projet - Poly-Robotics\",\"isPartOf\":{\"@id\":\"https:\/\/poly-robotics.com\/#website\"},\"datePublished\":\"2024-07-11T17:29:20+00:00\",\"dateModified\":\"2025-01-14T15:11:37+00:00\",\"breadcrumb\":{\"@id\":\"https:\/\/poly-robotics.com\/index.php\/projet\/#breadcrumb\"},\"inLanguage\":\"fr-CA\",\"potentialAction\":[{\"@type\":\"ReadAction\",\"target\":[\"https:\/\/poly-robotics.com\/index.php\/projet\/\"]}]},{\"@type\":\"BreadcrumbList\",\"@id\":\"https:\/\/poly-robotics.com\/index.php\/projet\/#breadcrumb\",\"itemListElement\":[{\"@type\":\"ListItem\",\"position\":1,\"name\":\"Accueil\",\"item\":\"https:\/\/poly-robotics.com\/\"},{\"@type\":\"ListItem\",\"position\":2,\"name\":\"Deroulement Projet\"}]},{\"@type\":\"WebSite\",\"@id\":\"https:\/\/poly-robotics.com\/#website\",\"url\":\"https:\/\/poly-robotics.com\/\",\"name\":\"Poly-Robotics\",\"description\":\"\",\"publisher\":{\"@id\":\"https:\/\/poly-robotics.com\/#organization\"},\"potentialAction\":[{\"@type\":\"SearchAction\",\"target\":{\"@type\":\"EntryPoint\",\"urlTemplate\":\"https:\/\/poly-robotics.com\/?s={search_term_string}\"},\"query-input\":{\"@type\":\"PropertyValueSpecification\",\"valueRequired\":true,\"valueName\":\"search_term_string\"}}],\"inLanguage\":\"fr-CA\"},{\"@type\":\"Organization\",\"@id\":\"https:\/\/poly-robotics.com\/#organization\",\"name\":\"Poly-Robotics\",\"url\":\"https:\/\/poly-robotics.com\/\",\"logo\":{\"@type\":\"ImageObject\",\"inLanguage\":\"fr-CA\",\"@id\":\"https:\/\/poly-robotics.com\/#\/schema\/logo\/image\/\",\"url\":\"https:\/\/poly-robotics.com\/wp-content\/uploads\/2023\/11\/PolyRobotic_CMYK-Blanc.png\",\"contentUrl\":\"https:\/\/poly-robotics.com\/wp-content\/uploads\/2023\/11\/PolyRobotic_CMYK-Blanc.png\",\"width\":800,\"height\":382,\"caption\":\"Poly-Robotics\"},\"image\":{\"@id\":\"https:\/\/poly-robotics.com\/#\/schema\/logo\/image\/\"}}]}<\/script>\n<!-- \/ Yoast SEO plugin. -->","yoast_head_json":{"title":"Deroulement Projet - Poly-Robotics","robots":{"index":"index","follow":"follow","max-snippet":"max-snippet:-1","max-image-preview":"max-image-preview:large","max-video-preview":"max-video-preview:-1"},"canonical":"https:\/\/poly-robotics.com\/index.php\/projet\/","og_locale":"fr_CA","og_type":"article","og_title":"Deroulement Projet - Poly-Robotics","og_description":"\u00e9tapes d&rsquo;un projet","og_url":"https:\/\/poly-robotics.com\/index.php\/projet\/","og_site_name":"Poly-Robotics","article_modified_time":"2025-01-14T15:11:37+00:00","twitter_card":"summary_large_image","twitter_misc":{"Estimation du temps de lecture":"2 minutes"},"schema":{"@context":"https:\/\/schema.org","@graph":[{"@type":"WebPage","@id":"https:\/\/poly-robotics.com\/index.php\/projet\/","url":"https:\/\/poly-robotics.com\/index.php\/projet\/","name":"Deroulement Projet - Poly-Robotics","isPartOf":{"@id":"https:\/\/poly-robotics.com\/#website"},"datePublished":"2024-07-11T17:29:20+00:00","dateModified":"2025-01-14T15:11:37+00:00","breadcrumb":{"@id":"https:\/\/poly-robotics.com\/index.php\/projet\/#breadcrumb"},"inLanguage":"fr-CA","potentialAction":[{"@type":"ReadAction","target":["https:\/\/poly-robotics.com\/index.php\/projet\/"]}]},{"@type":"BreadcrumbList","@id":"https:\/\/poly-robotics.com\/index.php\/projet\/#breadcrumb","itemListElement":[{"@type":"ListItem","position":1,"name":"Accueil","item":"https:\/\/poly-robotics.com\/"},{"@type":"ListItem","position":2,"name":"Deroulement Projet"}]},{"@type":"WebSite","@id":"https:\/\/poly-robotics.com\/#website","url":"https:\/\/poly-robotics.com\/","name":"Poly-Robotics","description":"","publisher":{"@id":"https:\/\/poly-robotics.com\/#organization"},"potentialAction":[{"@type":"SearchAction","target":{"@type":"EntryPoint","urlTemplate":"https:\/\/poly-robotics.com\/?s={search_term_string}"},"query-input":{"@type":"PropertyValueSpecification","valueRequired":true,"valueName":"search_term_string"}}],"inLanguage":"fr-CA"},{"@type":"Organization","@id":"https:\/\/poly-robotics.com\/#organization","name":"Poly-Robotics","url":"https:\/\/poly-robotics.com\/","logo":{"@type":"ImageObject","inLanguage":"fr-CA","@id":"https:\/\/poly-robotics.com\/#\/schema\/logo\/image\/","url":"https:\/\/poly-robotics.com\/wp-content\/uploads\/2023\/11\/PolyRobotic_CMYK-Blanc.png","contentUrl":"https:\/\/poly-robotics.com\/wp-content\/uploads\/2023\/11\/PolyRobotic_CMYK-Blanc.png","width":800,"height":382,"caption":"Poly-Robotics"},"image":{"@id":"https:\/\/poly-robotics.com\/#\/schema\/logo\/image\/"}}]}},"_links":{"self":[{"href":"https:\/\/poly-robotics.com\/index.php\/wp-json\/wp\/v2\/pages\/800","targetHints":{"allow":["GET"]}}],"collection":[{"href":"https:\/\/poly-robotics.com\/index.php\/wp-json\/wp\/v2\/pages"}],"about":[{"href":"https:\/\/poly-robotics.com\/index.php\/wp-json\/wp\/v2\/types\/page"}],"author":[{"embeddable":true,"href":"https:\/\/poly-robotics.com\/index.php\/wp-json\/wp\/v2\/users\/1"}],"replies":[{"embeddable":true,"href":"https:\/\/poly-robotics.com\/index.php\/wp-json\/wp\/v2\/comments?post=800"}],"version-history":[{"count":48,"href":"https:\/\/poly-robotics.com\/index.php\/wp-json\/wp\/v2\/pages\/800\/revisions"}],"predecessor-version":[{"id":1573,"href":"https:\/\/poly-robotics.com\/index.php\/wp-json\/wp\/v2\/pages\/800\/revisions\/1573"}],"wp:attachment":[{"href":"https:\/\/poly-robotics.com\/index.php\/wp-json\/wp\/v2\/media?parent=800"}],"curies":[{"name":"wp","href":"https:\/\/api.w.org\/{rel}","templated":true}]}}